 - 2 + 1621*p**2 - 5*p - p**3 + 2*p**l. Calculate x(-4).
2
Suppose 5 = 8*c - 35. Let u be (c - 3) + 45/(-9). Let o(s) = -s + 3. Give o(u).
6
Let j(g) = -2*g**3 + 21*g**2 + 10*g + 2. Let c be ((-2)/4)/(268/(-88) + 3). Give j(c).
-9
Let u = 3140 - 3171. Let k(a) = -3*a**2 - 92*a + 22. What is k(u)?
-9
Let x be (-2)/(-4)*318/3. Let b = x + -51. Suppose 5*u = -20, 0 = -5*v - u - b*u + 13. Let m(w) = -w + 5. What is m(v)?
0
Let c(l) be the third derivative of -5*l**4/24 - l**3/6 + 20*l**2. Let j be (55/(-165))/(2 + 14/(-6)). Calculate c(j).
-6
Let b(q) = 107*q**3 + 13*q**2 - 2*q + 20. Let h(t) = -3*t**3 - 2*t**2 - 3. Let n(x) = b(x) + 6*h(x). Give n(1).
90
Let b(q) = 246 + 41*q**3 + 33*q + 32*q**3 - 138*q**3 - 11*q**2 + 30*q**3 + 34*q**3. Calculate b(-12).
-6
Let v(w) = -2*w**3 - 2*w**2 + 3*w. Let z be v(-2). Suppose -5*c - j + 467 = 0, 44 = c - z*j - 45. Let u = c - 86. Let h(y) = y**2 - 5*y - 10. Determine h(u).
4
Let z(k) = 2890*k**2 + 2948*k**2 - 5841*k**2 - 21 + 11*k. What is z(5)?
-41
Let j(f) = -2*f**2 + 1. Let s be j(1). Let k(a) = 10*a**3 - 5*a**2 - 5*a. Let i be k(s). Let w(t) = t + 5. What is w(i)?
-5
Let z = 98911 + -98902. Let c(n) = -n**2 + n + 5. Let d(m) = -2*m**2 + 3*m + 10. Let i(y) = 11*c(y) - 6*d(y). Calculate i(z).
13
Let n = -1564 + 1564. Let w(u) be the third derivative of n - 1/120*u**6 - 22*u**2 + 0*u + 0*u**3 + 1/10*u**5 - 1/24*u**4. Determine w(6).
-6
Let o(b) be the second derivative of -b**4/12 - 2*b**3/3 - 9*b**2/2 + 547*b + 1. Give o(-4).
-9
Let v be ((-70)/378*-9)/((-6)/9) - -6. Let g(j) be the first derivative of 8*j + 1/3*j**3 + 3 - v*j**2. Calculate g(8).
16
Let u(k) = -5*k + 25*k - 11*k - 6*k. Determine u(3).
9
Let t(k) = -7*k - 4. Let d(w) = w**3 + 6*w**2 - 16*w - 18. Let m be d(-8). Let q = 17 + m. Let z be t(q). Let v(i) = -i**3 + 3*i**2 - 2*i + 1. Give v(z).
-5
Let j(s) = 2*s**3 - 2*s + 3 - 3976*s**2 + 1 + 3984*s**2 - 3*s**3. Let v be 1/(-4) + 174/24. Suppose 3*m - 17 - v = 0. Determine j(m).
-12
Let s(y) = y**3 + 123*y**2 + 55*y + 30. Let r(v) = v**3 + 70*v**2 + 27*v + 14. Let d(w) = 5*r(w) - 3*s(w). Give d(11).
13
Let s be -12 + (2 - (2 + 0)). Let j(t) = 10098 - 20188 + 10105 + t. Give j(s).
3
Let f(r) = 2*r - r + 4 - 3. Let h = 5854 - 5848. Give f(h).
7
Let k(w) = 22*w + 39. Let n(y) = -5*y + 1. Let d(m) = -k(m) - 6*n(m). What is d(5)?
-5
Let c(o) = o + 4. Let q(k) = -2*k**2 - 23*k + 8. Let m be q(-12). Let s be -4 + -1 + m - 3. Give c(s).
-8
Let q(b) = -9*b + 250. Let g be q(27). Let d(s) = 9*s**2 - 10*s - 2*s**2 - 4 + 2*s**2 - s**3 - g + 0. What is d(8)?
-27
Let b(r) = -6*r**2 - r + 2. Let j(q) = -12*q**2 + 1. Let a(u) = -5*b(u) + 3*j(u). What is a(3)?
-46
Let p(l) be the second derivative of -l**4/12 + l**3/6 - 3*l**2 - l. Suppose 0 = 3*x, -m = x - 13 - 1. Suppose m*k - 6*k - 6*k = 0. Determine p(k).
-6
Let c(w) = 0*w - 6266 + 3210 + 3130 - 8*w. Calculate c(9).
2
Let l(m) = 4 - 2*m - m**2 + 1 + 0*m. Let w be (-18)/4*((-70)/(-18) - (-24)/(-8)). What is l(w)?
-3
Let v(y) be the second derivative of 0*y**3 + 1/3*y**4 + 0 + 35*y + 1/2*y**2 - 1/20*y**5. Determine v(3).
10
Let z be (-8)/2 + (-9 - -71). Suppose 2*g - 168 = -g + 3*b, -5*b = 0. Let f = z - g. Let w(n) = -n + 2. Calculate w(f).
0
Let s(r) = -r - 13. Let w be s(-6). Let t(n) be the first derivative of -n**2/2 - 16*n - 24. Calculate t(w).
-9
Let v(q) = -q**2 + 2*q + 3. Suppose -6*y + 93 = -117. Suppose -k + y = 31. Give v(k).
-5
Let n = -158 - -149. Let t(h) = 2 + h**3 + 8*h**2 - 2 - 7*h + 19. Let s be t(n). Let i(u) = 8*u**2 + 1. Calculate i(s).
9
Let u(y) be the second derivative of y**3/3 - 3*y**2/2 - 40*y. Let k(o) = 3*o. Let d(s) = -k(s) + 3*u(s). Calculate d(8).
15
Let u(o) = 2*o**2 - 2*o - 1. Suppose 2*d - 8 = 3*c, -3*d - 1 + 4 = 0. Let t(b) = b**2 + b**3 - 6 - 2*b - 4 + 9. Let h be t(c). Calculate u(h).
3
Let c(b) = -2*b**2 - b + 1. Let o(k) = -3*k**2 - k - 14. Let v(d) = 2*c(d) - o(d). Calculate v(-3).
10
Let m(w) = -7*w**2 + w. Let x(l) = 15*l**2 - l + 1. Let b(j) = 2*m(j) + x(j). Calculate b(1).
3
Let a(g) = 155*g - 56*g - 46*g - 52*g - 14. Give a(-6).
-20
Let t(i) = -145*i**2 - 34*i + 1. Let v be t(3). Let k = 1410 + v. Let r(p) = -16*p + 7. Let a(w) = 4*w - 2. Let u(q) = 9*a(q) + 2*r(q). What is u(k)?
12
Let g(v) = 2*v**2 - 10*v - 5. Let q(k) = -3*k**2 + 11*k + 5. Let f(o) = 4*g(o) + 3*q(o). Suppose -92 = 690*x - 667*x. Determine f(x).
7
Suppose -5*a = -83 + 68. Let t(s) = -4*s - 11. Let n(i) = -2*i - 6. Let b(u) = a*t(u) - 7*n(u). What is b(-7)?
-5
Let u(n) = -n**2 + 2 + 2 - 5 - 10*n. Let q be ((-17)/(-2))/1*(-774)/(-43). Suppose -541*p + 524*p = q. What is u(p)?
8
Let p(t) = t**3 + 7*t**2 + 6*t. Let f(g) = -4*g + 2. Let i be f(0). Suppose 0 = k - 5*k + 2*s + 26, 22 = 2*k + i*s. Suppose -3*q - k = 10. Determine p(q).
0
Let i(d) = 2*d - 2. Suppose -5*n - z - 1371 = 0, 3 = 5*z + 8. Let h = n - -276. What is i(h)?
2
Suppose 2*p - p + 2 = 2*r, 4*r - 5*p = -2. Let c(a) = 8*a**2 + 1495*a - 4*a**2 - 1494*a + 14*a**r. Let v = -12 + 11. Calculate c(v).
17
Let y(f) = f**3 + 10*f**2 - f + 3. Let j(h) = -h**3 + 10*h**2 - 10. Let m be j(10). Calculate y(m).
13
Let o(l) = 11*l + 83. Suppose 13*r - 8*r + 3*i = -59, -6*r = -3*i + 18. What is o(r)?
6
Let s(v) = -v**3 - v**2 + 6. Suppose -56*z + 38 + 7 + 67 = 0. What is s(z)?
-6
Suppose 17*x - 80 = 12*x + d, 0 = x - 2*d - 25. Let i(o) = 19 - o**2 - 8*o + x*o - 16. Let g = -13 + 20. What is i(g)?
3
Let n(r) be the first derivative of 4*r + 0*r**2 + 5 - 1/4*r**4 - r**3. Let v be (3 - 1)/(8*(-1)/12). Determine n(v).
4
Suppose -14*i + o + 462 = -17*i, -2*o - 618 = 4*i. Let k = i - -154. Let v(l) = 16*l + 1. What is v(k)?
17
Suppose -3*o - k + 13 = 0, -8*o + 6*o + 4 = 3*k. Let z(g) be the first derivative of 5/2*g**2 + 1/4*g**4 - 2*g**3 + 2 + 5*g. Determine z(o).
5
Let q(v) = v**2 - 3*v - 7. Suppose 0 = 12*j - 3*j - 18. Suppose 5*x + 562 = -3*y, j*x + 221 = -7*y + 2*y. Let f = x + 118. What is q(f)?
3
Let j(b) = -3*b**3 - 2*b**2 + 13*b - 6. Let a be j(-6). Let c(x) = -494*x - x**2 - a*x + 980*x. What is c(-7)?
-7
Let q(f) = 18*f**3 + 3*f**2 - 4*f + 3. Let r be q(1). Suppose 9*w + r = 92. Let b(h) = -h**3 + 8*h**2 - 3*h + 5. Calculate b(w).
-19
Let h(a) = -10*a**2 - a + 75. Let z(b) = -10*b**2 - b + 76. Let l(k) = 2*h(k) - 3*z(k). Let v(f) be the first derivative of l(f). Determine v(-1).
-19
Let k(o) = -4*o**2 - 7*o - 4. Let r(l) = -5*l**2 - 8*l - 5. Let s(w) = -4*k(w) + 3*r(w). Let h be ((-14)/(-7) - 27/9)/(1/5). Calculate s(h).
6
Let z = 14900 + -14900. Let m(w) be the second derivative of z*w**2 + 1/6*w**3 - 34*w + 0*w**4 + 0 - 3/10*w**5. Determine m(1).
-5
Let w(v) = -34*v - 847. Let r be w(-25). Let h be 88/(-10) + 2/(-10). Let n(d) = -3*d - 5. Let g(l) = -13*l - 21. Let z(s) = h*n(s) + 2*g(s). Determine z(r).
6
Let p be ((-8)/3)/(96/(-72)) + -4. Let q(g) = 2*g**3 + 2 + 2*g**2 - 6 + 5 + 2*g. Give q(p).
-11
Let a(k) = k**3 + 9*k**2 + 9*k + 11. Let b(l) = 9*l - 49. Let r be b(6). Suppose r*p = -5*f - 20, 6*f = 3*f + 4*p - 40. Calculate a(f).
3
Let g be ((132/(-18))/11)/((-4)/54). Let a(z) = -40*z - 13. Let q(t) = -10*t - 3. Let p(f) = g*q(f) - 2*a(f). Calculate p(3).
-31
Let n(z) = 2*z - 4. Let a(c) = 14*c - 38. Let r(j) = a(j) - 4*n(j). What is r(4)?
2
Let g(p) = 4*p - 242. Let c be 621/12 + (-14)/12*(-1818)/(-2828). Calculate g(c).
-38
Let j(l) be the third derivative of 31*l**4/24 + 52*l**3/3 + 2079*l**2 - l. Calculate j(-3).
11
Suppose -47916*f = -47885*f. Let z(x) = -x**3 + 2*x**2 + 27. Calculate z(f).
27
Let i = -305963/12 - -25497. Let y(j) be the third derivative of 0*j + i*j**4 - 1/30*j**5 + 0*j**3 + 44*j**2 + 0. What is y(2)?
-4
Let z = 56 + -52. Suppose 0 = -2*m - s + 1, -3*m + 0*s + 18 = -z*s. Let h(t) = -6*t + m*t + 3*t - 4 + 1. Give h(-4).
1
Let s(m) = 2*m**2 - 48*m + 20. Suppose d - 57 = 2*x - 19, 4*d = 4*x + 124. Give s(d).
20
Let g(d) = -4*d**2 + d + 2. Suppose -520*y + 521*y - 3 = 0. Give g(y).
-31
Let w(p) = -p**3 - 4*p**2 - 6*p. Let j(a) = a**3 + 12*a**2 - 24*a + 52. Let v be j(-14). Determine w(v).
24
Let y(j) = j**3 + 4*j**2 + 3*j - 5. Suppose -8*k + 13*k - 8 = 7*k. Give y(k).
-17
Suppose 0 = y + 2*o + 7, -y = 4*y - o - 20. Let i(m) = -m**3 + 30248*m**2 - 4 - 30241*m**2 + y - 2*m. Give i(7).
-15
Let h = 1000 - 995. Suppose -h*b - 49 = 3*x, -4*b + 0*b + 4*x = 20. Let t(d) = -d**